0. What is the tens digit of i?
2
Suppose g - 3*h - 243 = -3*g, 3*h = -2*g + 135. Suppose 3*x - 3*k = g, 6*x = 2*x + 2*k + 78. What is the tens digit of x?
1
Suppose 3*v - 88 = 242. What is the tens digit of v?
1
Suppose 0 = -4*b - 162 + 6. Let a = 9 + b. What is the tens digit of (-560)/a*(-3)/(-2)?
2
Suppose 3*c - 58 = 2*m, -4*m - 26 = -0*c - c. Suppose 0 = 7*z - 8*z + c. What is the units digit of z?
8
Suppose 0*q - 2*q + 30 = 0. Suppose q*c - 735 = 10*c. Suppose -6 - 47 = -y - 4*l, -3*l = 4*y - c. What is the tens digit of y?
3
Suppose -60 = -11*h + 8*h. Suppose j + 4*d = 2*d + h, 3*j = -2*d + 76. What is the tens digit of j?
2
Suppose -t = 18*v - 19*v + 1155, -v + 2*t + 1155 = 0. What is the tens digit of v?
5
Let s(l) = 8*l. Let b be s(1). Let f be (-18)/b*(-48)/18. What is the units digit of 39/f - 6/4?
5
Let r(g) = -7 - 3*g**2 + 6*g - 3*g**2 + 5*g**2. Let s be r(3). Suppose -11 - 12 = -4*p - 3*f, 0 = s*p + 4*f - 4. What is the units digit of p?
8
Let r(j) be the third derivative of 7*j**4/6 + 26*j**3/3 + 35*j**2. What is the hundreds digit of r(6)?
2
Suppose -2824 - 1514 = -3*d. What is the hundreds digit of d?
4
Let t(v) = v**3 - 10*v**2 - 23*v + 31. What is the tens digit of t(14)?
9
Let k(i) = -41*i**3 + i**2 - i - 1. Let b be k(-1). Suppose 5*x = 15 + 10. Let d = x + b. What is the units digit of d?
7
Let d be (2 - 1)/((-1)/57). Let q = d + 122. What is the tens digit of q?
6
Suppose 2*l = -2*x - 5 - 5, x - 7 = l. Let b(f) = -5*f**2 + 4*f**2 - 9*f + f**3 - f**2 - 2 + f**2 + 6*f**2. What is the tens digit of b(l)?
1
Let l = 15 + -9. Suppose 0 = -c + 4*c - l. Suppose 3*t = 2*o - o + 31, -30 = -c*t - 4*o. What is the tens digit of t?
1
Let k = 784 + -197. What is the hundreds digit of k?
5
Let t(a) = 2*a. Let r(z) = z**2 - 23*z - 12. Let w(x) = r(x) + 4*t(x). What is the units digit of w(16)?
4
What is the units digit of ((-6)/4)/(9 + 23065/(-2562))?
9
Suppose -3*r + 4*r - 2 = 0. Suppose -12 = -r*i + 10. Suppose 0 = -a + 41 + i. What is the units digit of a?
2
Suppose 58*r - 63*r = -3*o - 73, 3*o - 12 = 0. Suppose 0*x = 2*x + 30. Let m = r + x. What is the units digit of m?
2
Suppose -17*c + 13013 = -10*c. What is the hundreds digit of c?
8
Let m = 29 + -20. Let d = m + 57. What is the tens digit of d?
6
Let r be (-75)/(-27) + -1 + 6/27. Suppose 5*t - 5*a - 470 = 0, 2*t = t + r*a + 98. What is the tens digit of t?
9
Let y = 1 - 10. What is the tens digit of (33/2)/(y/(-18))?
3
Suppose 0 = -h + v - 8, -3*h - h - 14 = 5*v. Let x be (1 - 13)*h/9. Suppose -24 = -t - 5*l, l + x + 10 = t. What is the units digit of t?
9
Let t be (-2)/9 + 1362/54. Suppose -t*o - 12 = -27*o. What is the tens digit of (3/9)/(o/306)?
1
Suppose -182 - 922 = -8*m. Suppose 0 = 6*w - 54 - m. What is the units digit of w?
2
Suppose -4 = 7*h - 6*h. Let w be 18/5*(-10)/h. Let v(f) = f**2 - 7*f - 13. What is the units digit of v(w)?
5
Let x = -9 - -13. Suppose -140 = -x*l - l + 2*i, 0 = 2*l - 4*i - 72. What is the units digit of l?
6
Suppose 0 = b - 0*b - 6. Let g(o) = -9*o + 6. Let s be g(b). What is the tens digit of (44/16)/((-4)/s)?
3
Let q = 22 - 14. Suppose 11*h - q*h = 192. What is the units digit of h?
4
Let y(l) = -l**3 - 6*l**2 - l + 6. Let f be y(-6). Let m be 15*f/20*1. Let r = m + 16. What is the tens digit of r?
2
Let z be 10/20 + (-5)/2. What is the tens digit of 0 + 33 + 8/z?
2
Let w(o) = -75*o + 26. What is the tens digit of w(-4)?
2
Let i(x) = -3*x**2 + x - 4. Let a(q) = -3*q**2 - 3. Let h(k) = -3*a(k) + 2*i(k). What is the units digit of h(-1)?
2
Let i(b) = 2*b**2 - b. Let v = 22 + -2. Suppose -4*t + v = t. What is the units digit of i(t)?
8
Let q(n) = -2*n**2 + 3*n + 4. Let o be q(-2). Let g be o/(-8) + 15/20. What is the units digit of ((-2)/(-6))/(g/186)?
1
Let k(s) be the second derivative of 2*s + 3*s**2 - s**3 + 0 - 1/12*s**4. What is the units digit of k(-6)?
6
Let g(v) be the third derivative of v**6/120 + v**5/12 + v**4/24 + v**3 - v**2. Let d be g(-5). What is the units digit of (-2 - d) + 0 + 26?
3
Let k = 3 - -9. Suppose 3*t = -3*y, y - 5*t = -2*t - k. What is the units digit of 2*2/(-12)*y?
1
Let r(i) = 419*i**3 - i**2 + 4*i - 15. What is the units digit of r(2)?
1
Let c(n) = 128*n**3 + 2*n**2 - n - 1. Let r be c(-1). Let k = r - -153. What is the tens digit of k?
2
What is the hundreds digit of -1*8/(-10) + 2394154/970?
4
Suppose 230*a = 222*a + 13664. What is the thousands digit of a?
1
Suppose -11 = -u + 4. Suppose -l - 6 = 6. Let c = u - l. What is the units digit of c?
7
Suppose 3 = 2*m - 1. Suppose -k - 55 = -m*k. What is the units digit of (-21)/28 + k/4?
3
Let b(o) = -163*o - 1. Let v be b(1). Suppose -164 = -5*a - 154. What is the tens digit of (v/8)/((-1)/a)?
4
Suppose 0 = 5*t - 634 - 2246. What is the tens digit of t?
7
Let i(c) = -85*c - 188. What is the hundreds digit of i(-8)?
4
Let z = 346 - -308. What is the units digit of z?
4
Let b be ((-564)/20 - (-2)/10) + 1. Let a = b - -87. What is the tens digit of a?
6
Suppose 6*w - 2 = 5*w. Suppose 5*i + 1 + w = 3*p, -4*p + 4 = 0. Suppose i = 2*j - 5 - 43. What is the tens digit of j?
2
Suppose 0 = -4*s + 5*t - 2*t + 679, -5*s - 5*t = -875. What is the tens digit of s?
7
Let y(u) = u**2 + 4*u - 9. Suppose 4 - 46 = -6*v. What is the tens digit of y(v)?
6
Suppose 2*b = b + 74. Suppose -4*k - t - 93 = 0, 3*k + 4*t + b = -t. Let o = -12 - k. What is the units digit of o?
1
Let f(r) = -r**2 + 13*r - 11. Let w be f(10). Let z = 13 - w. Let h(i) = -i**2 - 10*i - 1. What is the tens digit of h(z)?
2
Let l(s) = 7*s**3 - 10*s - 8. Let c be l(-3). What is the tens digit of c/(-2) + (-2)/(-4)?
8
What is the hundreds digit of 1522 - (1/(-4) - (-183)/(-244))?
5
Let o be 17 + 2/(-3)*-3. Let r = 28 - o. Suppose r*q = 10*q - 5. What is the units digit of q?
5
Let b = 489 - 304. What is the hundreds digit of b?
1
Suppose 9*j - 6*j - 9 = 0. Let t(r) = -r**3 + 4*r**2 - 4*r + 2. Let u be t(2). Suppose s - 20 = -l, 0*s + 39 = u*l + j*s. What is the units digit of l?
1
Let g = -42 - -46. Suppose -g*k + 47 = 11. What is the units digit of k?
9
Let z(n) = 20*n - 10. Let m be z(12). What is the hundreds digit of m*(3/(-2) + 2)?
1
Suppose -2*k + 45 = 53, 0 = -5*q - k + 29551. What is the tens digit of q?
1
Let a = 7 - 14. Let j = a - -41. What is the units digit of j?
4
Let s = -94 - -87. Let y(l) be the third derivative of -l**6/120 - l**5/10 + 7*l**4/24 + 5*l**3/6 - l**2. What is the units digit of y(s)?
5
Let y = 317 - 180. Suppose 4*t + p = -0*p + y, 0 = -2*t + 5*p + 63. What is the tens digit of t?
3
Suppose 4*z + 2*k = 2012, -3 = -4*k + 13. What is the hundreds digit of z?
5
Suppose -6*i + 863 = 191. Let z = 10 - 6. Suppose 0*h = z*h - i. What is the tens digit of h?
2
Suppose 0 = -5*j + 5*w + 15280, 0*j = 2*j - 5*w - 6118. What is the units digit of j?
4
Suppose 42*r - 41*r = 63. Suppose 3*b = r + 75. What is the units digit of b?
6
Let c(s) = -185*s - 2. Let x be c(-1). Let q = x + -68. What is the units digit of q?
5
Suppose -w = -f - 73, 3*f - 335 = -5*w - 2*f. Suppose 3*x - 12 = x. Suppose m = x*m - w. What is the tens digit of m?
1
Suppose -w + 0*o + 14 = -2*o, -17 = 2*w + 5*o. Suppose -w*p - 208 = -8*p. What is the units digit of p?
2
Suppose 102*u = 81*u + 36561. What is the thousands digit of u?
1
What is the tens digit of (-3 + -6 - 1) + 1534?
2
Let h(i) = 5*i - 3*i + 2 - i - 7*i**2. Let d be h(-2). Let g = d + 49. What is the units digit of g?
1
Suppose 1 = h, -4*l - 4*h - 1 = l. Let o be -1*(l - 2 - 0). What is the units digit of 21*2 - (o + 0)?
9
Let b(g) be the second derivative of -13*g**3/2 + g**2/2 + 2*g. Let l be (-473)/387 - 4/(-18). What is the units digit of b(l)?
0
Suppose -15*n + 1091 = 3*u - 10*n, -4*n = u - 352. What is the hundreds digit of u?
3
Let o(n) = 34*n + 100. What is the units digit of o(12)?
8
Let a(l) = l**2 - l - 4. Let j be a(0). Let z = j + 27. What is the tens digit of z?
2
Let l(p) = p**2 - 12*p + 13. Let m be l(11). Let a be m*(-1)/2 + 2. What is the units digit of (0 - (-1 - 9))/a?
0
Suppose 0 = 7*x - 7563 - 2398. What is the hundreds digit of x?
4
Let f be (6/18)/(3/1179). Suppose -5*m = c - 603, m = 3*c + 2*c + f. What is the units digit of m?
1
Let f(y) = -y**3 + 3*y**2 - 5*y - 5. Let c(v) = 2*v**3 + 2*v**2 - v + 2. Let s be c(-2). What is the tens 